 - 0*s, -2*g + 75 = -s. Calculate the remainder when g is divided by 19.
18
Let a = 4 + 1. Let t = 8 - 15. Let c = t + 10. Calculate the remainder when a is divided by c.
2
Let j = -33 + 50. Calculate the remainder when j is divided by 5.
2
Let y(b) = b**3 - 7*b**2 + b + 4. Let t(k) = -3*k - 1. Let m be t(-2). Let r be y(m). Let l = -8 - r. Calculate the remainder when l is divided by 17.
16
Suppose -3*m + d = -5 - 5, -2*m - 2 = -5*d. Suppose -m*a + 276 = -16. What is the remainder when a is divided by 19?
16
Let d = -9 - -33. Let s = 3 + d. What is the remainder when 52 is divided by s?
25
Suppose 0 = -4*r - 8, -2*t + 2*r + 1 = t. What is the remainder when 4*244/(-8)*t is divided by 31?
29
Let q(b) = b**3 + 4*b**2 - 5*b - 4. Let m be q(-5). Let y(f) = f**2 - f - 4. What is the remainder when 31 is divided by y(m)?
15
Let s be 54/15 - (-4)/10. Let x = 12 - s. What is the remainder when 2/(-6) + 64/3 is divided by x?
5
Let u(x) = 5*x**3 + x**2 - 4*x + 2. Let o be u(3). Calculate the remainder when 8/(-12) + o/3 is divided by 15.
14
Let v = 38 + -27. Let z be (4/14)/((-2)/(-14)). Calculate the remainder when 17 + 0 + 6/z is divided by v.
9
Let v = 11 - -4. What is the remainder when 149/5 + 3/v is divided by (-4)/18 + (-222)/(-27)?
6
Calculate the remainder when 2/6 + (-186)/(-9) is divided by ((-4)/6)/((-30)/45)*6.
3
Suppose 1 = -g + 4. Let z = 9 - 0. Calculate the remainder when z is divided by g.
0
Calculate the remainder when 17 is divided by (1 - (-4)/(-6))/((-18)/(-540)).
7
Suppose -4*a + 3*x = -38 + 8, -a + 2*x = -5. Suppose 4*o - 43 = -c, 2*c - 2*o - 66 = -0*c. Calculate the remainder when c is divided by a.
8
Suppose 5*k = 0, -4*h - 32 = -0*k - k. Let c = 14 + h. Calculate the remainder when 11 is divided by c*1/((-9)/(-6)).
3
Let m be (-4)/(-10) + (-12)/30. Suppose -o + 4*f = 0, m*o + 2*o + 3*f = 55. Calculate the remainder when 79 is divided by o.
19
Let y = 15 + -8. Calculate the remainder when 12 is divided by y.
5
Suppose -5*n = 140 - 630. Calculate the remainder when n is divided by 20.
18
Let d(s) = -4*s + 21. Calculate the remainder when 52 is divided by d(0).
10
Suppose -6*b - 4 = -2*b. Suppose 0 = -c + 6*c - 100. Calculate the remainder when c is divided by (-2 - 9*1)*b.
9
Let l(j) = -j**3 + 7*j**2 - 4*j + 2. Calculate the remainder when 26 is divided by l(6).
12
Let m be (-5)/((-15)/6 - -2). Let j = 19 - m. Calculate the remainder when 17 is divided by j.
8
Let q(p) = 80*p - 4. Let h be q(-8). Calculate the remainder when h/(-20) - 1/5 is divided by 11.
10
What is the remainder when 15 is divided by (1 + 1)/((-9)/(-27))?
3
Suppose 39 - 102 = -3*y. Calculate the remainder when 81 is divided by y.
18
Suppose 26*h - 21*h = 120. What is the remainder when 68 is divided by h?
20
Suppose 3*h - 5*x = 41, -2*x - 37 = -3*h + 2*x. Calculate the remainder when 10 is divided by h.
3
Suppose -9*o + 90 = -4*o. Let v be (4/(-10))/(2/10). What is the remainder when 16 is divided by 117/o + 1/v?
4
Let t(n) = n**3 + 2*n**2 - 2*n + 2. Let q be t(-4). Let s be (-6)/5*(-22 - 8). Let v = s + q. What is the remainder when 26 is divided by v?
12
Let s = -13 + 20. Let x(p) = p**2 - 7*p + 4. Let c be x(6). Calculate the remainder when s is divided by 5 + (c - -1) - 0.
3
Suppose -7*y + 11*y + 5*v - 91 = 0, y - 4*v = 7. What is the remainder when 72 is divided by y?
15
Let x = -8 + 6. Calculate the remainder when x/2 - (-17 - 1) is divided by 9.
8
Suppose 0 = -0*v - 2*v + 176. Calculate the remainder when v is divided by 18.
16
Suppose 3*p = -5*o - 12, -3*p - 2*p - 2*o = 1. Suppose -p = -q + 24. Calculate the remainder when q is divided by 9.
7
Calculate the remainder when 8 is divided by (-5)/(-4)*(12 - 8).
3
Suppose 102 = -16*h + 19*h. What is the remainder when h is divided by 9?
7
Let q be (0 - 1)/((-1)/1). Let h be 2 - q - (3 - 7). Suppose -k - 4*a = -2, -h*k + 5*a + 102 = 17. What is the remainder when 26 is divided by k?
12
Let s(u) = u**3 + 4*u**2 - 5*u - 3. Let n be s(-5). Calculate the remainder when (0 - -2)*(-8)/16 - -32 is divided by n*(-2)/(-3) - -13.
9
Let a = 7 + -2. Let j = a + 8. Calculate the remainder when 24 is divided by j.
11
Let m = 98 + -53. Calculate the remainder when 134 is divided by m.
44
Let f = 145 - 139. What is the remainder when 14 is divided by f?
2
Suppose -5*y + 1145 = 380. Suppose 2*f + 5*h - h = 132, -2*f + 3*h = -y. Calculate the remainder when f is divided by 15.
12
Let g be (-104)/10 - (-10)/25. Let a be g/(-2) + -1*1. Suppose -2*y - 16 = -a*y. What is the remainder when 14 is divided by y?
6
Suppose 3*j + 8 - 32 = 0. Calculate the remainder when j is divided by 5.
3
Let j(c) = c**2 - 2*c + 7. What is the remainder when j(-4) is divided by 8?
7
Let z = -75 - -118. Calculate the remainder when z is divided by 11.
10
What is the remainder when (236/(-16))/(2/(-8)) is divided by 15?
14
What is the remainder when 69 is divided by (2 - 26)*(-11)/11?
21
Let q(n) = n**3 + 3*n**2 - n. Let s(a) = 14*a**2 + 109*a - 15. What is the remainder when s(-8) is divided by q(-3)?
0
Let q(g) = g + 16. Let w(f) = f**3 - 8*f**2 - 8*f. What is the remainder when q(0) is divided by w(9)?
7
Let x(k) = -113*k**3 + 2*k**2 - 1. Let r be x(1). Calculate the remainder when (-8160)/r - 2/(-14) is divided by 19.
16
Suppose 10 = -3*c + 8*c. Suppose -c*u + 61 = 5*k, 5*k - 13 - 44 = -4*u. Suppose -4*j + 7 = -k. Calculate the remainder when 7 is divided by j.
2
Let n = 20 + -16. What is the remainder when 14 is divided by n?
2
Let o(s) = s**3 - 6*s**2 + 3*s - 6. What is the remainder when (-35)/3*-1*3 is divided by o(6)?
11
Suppose -2*x + 2 + 11 = k, x - 32 = -2*k. Calculate the remainder when k is divided by 10.
7
Let x(g) = -4*g**2 - g - 5. Let q(o) = -3*o**2 - 2*o - 5. Let n(a) = -3*q(a) + 2*x(a). Calculate the remainder when 14 is divided by n(-4).
4
Let m(u) = -u**2 + 7*u - 6. Let k be m(6). Suppose k*w + 90 = 5*w. What is the remainder when w is divided by 10?
8
Suppose 7 = -2*x + 15. Let v = -3 + x. Calculate the remainder when 6 is divided by 5 + 1 - v - 1.
2
Let v(c) = c - 1. Let d be v(-4). What is the remainder when 14 is divided by (-2)/d + 18/5?
2
Suppose i - 4*i = 3, 3*i + 510 = 3*w. What is the remainder when w is divided by 34?
33
Calculate the remainder when 57 is divided by (-45)/(-9) + 4*6.
28
Let r(f) = f**3 - 8*f**2 + 9*f - 6. What is the remainder when r(7) is divided by 5?
3
What is the remainder when 330/8 + (-3)/12 is divided by 2*1 - (-22 + 13)?
8
Let c(h) = 3*h - 4*h + 4 + 6*h. Suppose -f - 5*j = -19, 0 = 2*f - 3*j - 3 + 4. Calculate the remainder when c(f) is divided by 13.
11
Calculate the remainder when 36 is divided by 45/(-6)*4/(-3).
6
Suppose 3*j = 4*u - 483, -36 = u + 5*j - 128. Let x = u - -65. Suppose 0 = 5*q - 33 - x. Calculate the remainder when q is divided by 22.
21
Suppose 14 = m + 5. What is the remainder when 16 is divided by m?
7
Let w = 18 - 6. What is the remainder when 31 is divided by w?
7
Suppose 4*k = 8*k + 2*q - 4, 2*k = -3*q - 6. Suppose -14 - k = -o. Let r = 33 + 0. Calculate the remainder when r is divided by o.
16
Let n(b) = b**2 + 4*b + 5. Let k be n(-4). Suppose -5*d - 5*c + 60 = 0, -k*d + c + 48 = 2*c. What is the remainder when 16 is divided by d?
7
Let c be (-21 - (-2 - 0))/(-1). Let x = c - 17. What is the remainder when 5 is divided by x?
1
Let o = 67 - 62. Calculate the remainder when 8 is divided by o.
3
Let r be 18/(-45) - 34/(-10). Suppose y = -3*y - 4*l + 76, -r*l - 3 = 0. Calculate the remainder when y is divided by 11.
9
Suppose -5*d + a = 23, -5*a + 4 = -11. Let m be (-39)/12 - 1/d. Let n = m - -6. What is the remainder when 8 is divided by n?
2
Let q = -17 + 70. Let f = 12 - -1. Let c = f + 1. Calculate the remainder when q is divided by c.
11
Suppose 4*w - 94 = 2*z, 61 = 2*w + z + 8. Calculate the remainder when w is divided by 4.
1
Let i = 52 - 39. Calculate the remainder when 48 is divided by i.
9
Let z(p) = p - 2. Let m be z(4). Let t be (-2)/((22/12)/(-11)). What is the remainder when 37 is divided by (-1 + -3)/m + t?
7
Let k = 54 + -30. Calculate the remainder when k is divided by 7.
3
Suppose -3*l + 175 = -221. Suppose 2*c - 2*z - l = 4*c, -c + 5*z - 96 = 0. Let x = c - -106. What is the remainder when x is divided by 18?
17
Let h(d) = -13*d - 14. Calculate the r